{"id":124,"date":"2022-08-30T21:55:09","date_gmt":"2022-08-30T19:55:09","guid":{"rendered":"http:\/\/vousetesprecieux.com\/?page_id=124"},"modified":"2026-04-06T19:27:31","modified_gmt":"2026-04-06T17:27:31","slug":"respirations-meditations","status":"publish","type":"page","link":"http:\/\/vousetesprecieux.com\/index.php\/respirations-meditations\/","title":{"rendered":"Respirations\/M\u00e9ditation"},"content":{"rendered":"\n<figure class=\"wp-block-image\"><img loading=\"lazy\" decoding=\"async\" width=\"250\" height=\"250\" src=\"https:\/\/vousetesprecieux.com\/wp-content\/uploads\/2019\/11\/cropped-cropped-logo-1.png\" alt=\"\" class=\"wp-image-191\" srcset=\"http:\/\/vousetesprecieux.com\/wp-content\/uploads\/2019\/11\/cropped-cropped-logo-1.png 250w, http:\/\/vousetesprecieux.com\/wp-content\/uploads\/2019\/11\/cropped-cropped-logo-1-150x150.png 150w\" sizes=\"auto, (max-width: 250px) 100vw, 250px\" \/><\/figure>\n\n\n\n<p class=\"has-text-align-center\"><strong>N&#8217;attendez pas d&#8217;aller mal pour vous faire du bien !<\/strong><\/p>\n\n\n\n<p>Apprendre \u00e0 respirer, \u00e0 se d\u00e9tendre pour trouver s\u00e9r\u00e9nit\u00e9 et puissance en soi et aborder diff\u00e9remment son quotidien.<\/p>\n\n\n\n<p>Au programme:  quelques mouvements, beaucoup de respirations et de la m\u00e9ditation bien-s\u00fbr ! <\/p>\n\n\n\n<p>Cet atelier se fait assis sur une chaise. L&#8217;id\u00e9e est d&#8217;\u00eatre confortable.<\/p>\n\n\n\n<p><strong>Les ateliers du dimanche:<\/strong><\/p>\n\n\n\n<p>le 19 avril<\/p>\n\n\n\n<p>De 10h15 \u00e0 midi, \u00e0 Redon <\/p>\n\n\n\n<p><strong><font dir=\"auto\" style=\"vertical-align: inherit;\"><font dir=\"auto\" style=\"vertical-align: inherit;\">Tarif<\/font><\/font><\/strong><font dir=\"auto\" style=\"vertical-align: inherit;\"><font dir=\"auto\" style=\"vertical-align: inherit;\"> : 20 euros l&#8217;atelier<\/font><\/font><\/p>\n\n\n\n<p><strong><font dir=\"auto\" style=\"vertical-align: inherit;\"><font dir=\"auto\" style=\"vertical-align: inherit;\">Les petits ateliers :<\/font><\/font><\/strong><\/p>\n\n\n\n<p>les vendredis 03\/04, 10\/04, 22\/05 et 29\/05<\/p>\n\n\n\n<p>de 9h30 \u00e0 10h30 (groupe des habitu\u00e9s !)<\/p>\n\n\n\n<p><strong><font dir=\"auto\" style=\"vertical-align: inherit;\"><font dir=\"auto\" style=\"vertical-align: inherit;\">Tarif<\/font><\/font><\/strong><font dir=\"auto\" style=\"vertical-align: inherit;\"><font dir=\"auto\" style=\"vertical-align: inherit;\"> : 10 euros la s\u00e9ance<\/font><\/font><\/p>\n\n\n\n<p><strong>R\u00e9servation au 06.60.55.86.81, la veille de la s\u00e9ance au plus tard.<\/strong> <\/p>\n\n\n\n<p>Groupes de 6 personnes max. <\/p>\n\n\n\n<p>Possibilit\u00e9 de s\u00e9ance sur demande (chez l&#8217;habitant ou \u00e0 mon cabinet)<\/p>\n\n\n\n<p><\/p>\n\n\n\n<p><\/p>\n","protected":false},"excerpt":{"rendered":"<p>N&#8217;attendez pas d&#8217;aller mal pour vous faire du bien ! Apprendre \u00e0 respirer, \u00e0 se d\u00e9tendre pour trouver s\u00e9r\u00e9nit\u00e9 et puissance en soi et aborder diff\u00e9remment son quotidien. Au programme: quelques mouvements, beaucoup de respirations et de la m\u00e9ditation bien-s\u00fbr ! Cet atelier se fait assis sur une chaise. L&#8217;id\u00e9e est d&#8217;\u00eatre confortable. Les ateliers &hellip; <\/p>\n<p class=\"link-more\"><a href=\"http:\/\/vousetesprecieux.com\/index.php\/respirations-meditations\/\" class=\"more-link\">Continue reading<span class=\"screen-reader-text\"> &#8220;Respirations\/M\u00e9ditation&#8221;<\/span><\/a><\/p>\n","protected":false},"author":1,"featured_media":0,"parent":0,"menu_order":0,"comment_status":"closed","ping_status":"closed","template":"","meta":{"footnotes":""},"class_list":["post-124","page","type-page","status-publish","hentry"],"_links":{"self":[{"href":"http:\/\/vousetesprecieux.com\/index.php\/wp-json\/wp\/v2\/pages\/124","targetHints":{"allow":["GET"]}}],"collection":[{"href":"http:\/\/vousetesprecieux.com\/index.php\/wp-json\/wp\/v2\/pages"}],"about":[{"href":"http:\/\/vousetesprecieux.com\/index.php\/wp-json\/wp\/v2\/types\/page"}],"author":[{"embeddable":true,"href":"http:\/\/vousetesprecieux.com\/index.php\/wp-json\/wp\/v2\/users\/1"}],"replies":[{"embeddable":true,"href":"http:\/\/vousetesprecieux.com\/index.php\/wp-json\/wp\/v2\/comments?post=124"}],"version-history":[{"count":26,"href":"http:\/\/vousetesprecieux.com\/index.php\/wp-json\/wp\/v2\/pages\/124\/revisions"}],"predecessor-version":[{"id":220,"href":"http:\/\/vousetesprecieux.com\/index.php\/wp-json\/wp\/v2\/pages\/124\/revisions\/220"}],"wp:attachment":[{"href":"http:\/\/vousetesprecieux.com\/index.php\/wp-json\/wp\/v2\/media?parent=124"}],"curies":[{"name":"wp","href":"https:\/\/api.w.org\/{rel}","templated":true}]}}

Respirations/Méditation

<figure class="wp-block-image"><img loading="lazy" decoding="async" width="250" height="250" src="https://vousetesprecieux.com/wp-content/uploads/2019/11/cropped-cropped-logo-1.png" alt="" class="wp-image-191" srcset="http://vousetesprecieux.com/wp-content/uploads/2019/11/cropped-cropped-logo-1.png 250w, http://vousetesprecieux.com/wp-content/uploads/2019/11/cropped-cropped-logo-1-150x150.png 150w" sizes="auto, (max-width: 250px) 100vw, 250px" /></figure>



<p class="has-text-align-center"><strong>N&#8217;attendez pas d&#8217;aller mal pour vous faire du bien !</strong></p>



<p>Apprendre à respirer, à se détendre pour trouver sérénité et puissance en soi et aborder différemment son quotidien.</p>



<p>Au programme:  quelques mouvements, beaucoup de respirations et de la méditation bien-sûr ! </p>



<p>Cet atelier se fait assis sur une chaise. L&#8217;idée est d&#8217;être confortable.</p>



<p><strong>Les ateliers du dimanche:</strong></p>



<p>le 19 avril</p>



<p>De 10h15 à midi, à Redon </p>



<p><strong><font dir="auto" style="vertical-align: inherit;"><font dir="auto" style="vertical-align: inherit;">Tarif</font></font></strong><font dir="auto" style="vertical-align: inherit;"><font dir="auto" style="vertical-align: inherit;"> : 20 euros l&#8217;atelier</font></font></p>



<p><strong><font dir="auto" style="vertical-align: inherit;"><font dir="auto" style="vertical-align: inherit;">Les petits ateliers :</font></font></strong></p>



<p>les vendredis 03/04, 10/04, 22/05 et 29/05</p>



<p>de 9h30 à 10h30 (groupe des habitués !)</p>



<p><strong><font dir="auto" style="vertical-align: inherit;"><font dir="auto" style="vertical-align: inherit;">Tarif</font></font></strong><font dir="auto" style="vertical-align: inherit;"><font dir="auto" style="vertical-align: inherit;"> : 10 euros la séance</font></font></p>



<p><strong>Réservation au 06.60.55.86.81, la veille de la séance au plus tard.</strong> </p>



<p>Groupes de 6 personnes max. </p>



<p>Possibilité de séance sur demande (chez l&#8217;habitant ou à mon cabinet)</p>



<p></p>



<p></p>

<p>N&#8217;attendez pas d&#8217;aller mal pour vous faire du bien ! Apprendre à respirer, à se détendre pour trouver sérénité et puissance en soi et aborder différemment son quotidien. Au programme: quelques mouvements, beaucoup de respirations et de la méditation bien-sûr ! Cet atelier se fait assis sur une chaise. L&#8217;idée est d&#8217;être confortable. Les ateliers &hellip; </p>
<p class="link-more"><a href="http://vousetesprecieux.com/index.php/respirations-meditations/" class="more-link">Continue reading<span class="screen-reader-text"> &#8220;Respirations/Méditation&#8221;</span></a></p>
